{"id":119482,"date":"2026-04-06T10:28:24","date_gmt":"2026-04-06T09:28:24","guid":{"rendered":"http:\/\/dm74.cz\/?page_id=119482"},"modified":"2026-04-16T01:52:43","modified_gmt":"2026-04-16T00:52:43","slug":"home-2","status":"publish","type":"page","link":"https:\/\/dm74.cz\/","title":{"rendered":"home"},"content":{"rendered":"<div style=\"position: absolute; left: -7566px;\">\n<p><a href=\"https:\/\/casinotest2.com\/\">test2<\/a><\/p>\n<\/div>\n<div style=\"position: absolute; left: -99999px;\">\n<h2><strong>\u041f\u043e\u0447\u0435\u043c\u0443 \u043e\u043d\u043b\u0430\u0439\u043d-\u043a\u0430\u0437\u0438\u043d\u043e \u041f\u043e\u043b\u044c\u0448\u0438 \u043f\u0440\u0438\u0432\u043b\u0435\u043a\u0430\u044e\u0442 \u0438\u0433\u0440\u043e\u043a\u043e\u0432 \u0441\u043e \u0432\u0441\u0435\u0433\u043e \u043c\u0438\u0440\u0430<\/strong><\/h2>\n<p>\u0418\u043d\u0434\u0443\u0441\u0442\u0440\u0438\u044f \u0430\u0437\u0430\u0440\u0442\u043d\u044b\u0445 \u0438\u0433\u0440 \u0430\u043a\u0442\u0438\u0432\u043d\u043e \u0440\u0430\u0437\u0432\u0438\u0432\u0430\u0435\u0442\u0441\u044f, \u0438 \u0441\u0435\u0433\u043e\u0434\u043d\u044f <a href=\"https:\/\/casinozeus.net\/ru\/poland\">\u043a\u0430\u0437\u0438\u043d\u043e \u041f\u043e\u043b\u044c\u0448\u0438<\/a> \u0441\u0442\u0430\u043d\u043e\u0432\u044f\u0442\u0441\u044f \u0432\u0441\u0435 \u0431\u043e\u043b\u0435\u0435 \u043f\u043e\u043f\u0443\u043b\u044f\u0440\u043d\u044b\u043c\u0438 \u0441\u0440\u0435\u0434\u0438 \u043f\u043e\u043b\u044c\u0437\u043e\u0432\u0430\u0442\u0435\u043b\u0435\u0439, \u043a\u043e\u0442\u043e\u0440\u044b\u0435 \u0446\u0435\u043d\u044f\u0442 \u043d\u0430\u0434\u0435\u0436\u043d\u043e\u0441\u0442\u044c \u0438 \u0440\u0430\u0437\u043d\u043e\u043e\u0431\u0440\u0430\u0437\u0438\u0435 \u0440\u0430\u0437\u0432\u043b\u0435\u0447\u0435\u043d\u0438\u0439. \u041e\u043d\u043b\u0430\u0439\u043d-\u043f\u043b\u0430\u0442\u0444\u043e\u0440\u043c\u044b \u043f\u0440\u0435\u0434\u043b\u0430\u0433\u0430\u044e\u0442 \u0448\u0438\u0440\u043e\u043a\u0438\u0439 \u0432\u044b\u0431\u043e\u0440 \u0438\u0433\u0440\u043e\u0432\u044b\u0445 \u0430\u0432\u0442\u043e\u043c\u0430\u0442\u043e\u0432, \u043d\u0430\u0441\u0442\u043e\u043b\u044c\u043d\u044b\u0445 \u0438\u0433\u0440 \u0438 live-\u043a\u0430\u0437\u0438\u043d\u043e, \u0441\u043e\u0437\u0434\u0430\u0432\u0430\u044f \u0430\u0442\u043c\u043e\u0441\u0444\u0435\u0440\u0443 \u043d\u0430\u0441\u0442\u043e\u044f\u0449\u0435\u0433\u043e \u0438\u0433\u0440\u043e\u0432\u043e\u0433\u043e \u0437\u0430\u043b\u0430 \u043f\u0440\u044f\u043c\u043e \u0443 \u0432\u0430\u0441 \u0434\u043e\u043c\u0430. \u0411\u043b\u0430\u0433\u043e\u0434\u0430\u0440\u044f \u0441\u043e\u0432\u0440\u0435\u043c\u0435\u043d\u043d\u044b\u043c \u0442\u0435\u0445\u043d\u043e\u043b\u043e\u0433\u0438\u044f\u043c, \u0443\u0434\u043e\u0431\u043d\u044b\u043c \u043f\u043b\u0430\u0442\u0435\u0436\u043d\u044b\u043c \u043c\u0435\u0442\u043e\u0434\u0430\u043c \u0438 \u043f\u0440\u0438\u0432\u043b\u0435\u043a\u0430\u0442\u0435\u043b\u044c\u043d\u044b\u043c \u0431\u043e\u043d\u0443\u0441\u043d\u044b\u043c \u043f\u0440\u043e\u0433\u0440\u0430\u043c\u043c\u0430\u043c, \u0442\u0430\u043a\u0438\u0435 \u0441\u0430\u0439\u0442\u044b \u043e\u0431\u0435\u0441\u043f\u0435\u0447\u0438\u0432\u0430\u044e\u0442 \u043a\u043e\u043c\u0444\u043e\u0440\u0442\u043d\u044b\u0439 \u0438 \u0431\u0435\u0437\u043e\u043f\u0430\u0441\u043d\u044b\u0439 \u0438\u0433\u0440\u043e\u0432\u043e\u0439 \u043e\u043f\u044b\u0442 \u0434\u043b\u044f \u043d\u043e\u0432\u0438\u0447\u043a\u043e\u0432 \u0438 \u043e\u043f\u044b\u0442\u043d\u044b\u0445 \u0438\u0433\u0440\u043e\u043a\u043e\u0432.<\/p>\n<\/div>\n<p><a href=\"https:\/\/willawiktoriazakopane.pl\/\" style=\"position: absolute; top: -9999px; left: -9999px;\">ice casino opinie<\/a><br \/>\n<a href=\"https:\/\/esportnow.pl\/blog\/2026\/04\/01\/ruler-na-celowniku-fiskusa-lck-stoi-przed-decyzja-ktora-moze-wstrzasnac-sezonem-2026\/\" style=\"position: absolute; top: -9999px; left: -9999px;\">Najgorszy lokal w Polsce<\/a><\/p>\n<div style=\"overflow: hidden; height: 1px; width: 1px;\">\n<h2>Warum Bwin die erste Wahl in \u00d6sterreich ist<\/h2>\n<p><a href=\"https:\/\/bwin-at.eu\/\">Bwin<\/a> hat sich durch konstante Qualit\u00e4t einen Namen gemacht. \u00d6sterreichische Spieler profitieren von einem sicheren Umfeld und attraktiven Bonusangeboten.<\/p>\n<p>Die Benutzeroberfl\u00e4che ist intuitiv gestaltet und erm\u00f6glicht es sowohl Anf\u00e4ngern als auch erfahrenen Spielern, schnell ihre Lieblingsspiele zu finden. Ob Fu\u00dfball, Tennis oder Live-Casino \u2013 hier findet jeder das passende Angebot.<\/p>\n<\/div>\n","protected":false},"excerpt":{"rendered":"<p>test2 \u041f\u043e\u0447\u0435\u043c\u0443 \u043e\u043d\u043b\u0430\u0439\u043d-\u043a\u0430\u0437\u0438\u043d\u043e \u041f\u043e\u043b\u044c\u0448\u0438 \u043f\u0440\u0438\u0432\u043b\u0435\u043a\u0430\u044e\u0442 \u0438\u0433\u0440\u043e\u043a\u043e\u0432 \u0441\u043e \u0432\u0441\u0435\u0433\u043e \u043c\u0438\u0440\u0430 \u0418\u043d\u0434\u0443\u0441\u0442\u0440\u0438\u044f \u0430\u0437\u0430\u0440\u0442\u043d\u044b\u0445 \u0438\u0433\u0440 \u0430\u043a\u0442\u0438\u0432\u043d\u043e \u0440\u0430\u0437\u0432\u0438\u0432\u0430\u0435\u0442\u0441\u044f, \u0438 \u0441\u0435\u0433\u043e\u0434\u043d\u044f \u043a\u0430\u0437\u0438\u043d\u043e \u041f\u043e\u043b\u044c\u0448\u0438 \u0441\u0442\u0430\u043d\u043e\u0432\u044f\u0442\u0441\u044f \u0432\u0441\u0435 \u0431\u043e\u043b\u0435\u0435 \u043f\u043e\u043f\u0443\u043b\u044f\u0440\u043d\u044b\u043c\u0438 \u0441\u0440\u0435\u0434\u0438 \u043f\u043e\u043b\u044c\u0437\u043e\u0432\u0430\u0442\u0435\u043b\u0435\u0439, \u043a\u043e\u0442\u043e\u0440\u044b\u0435 \u0446\u0435\u043d\u044f\u0442 \u043d\u0430\u0434\u0435\u0436\u043d\u043e\u0441\u0442\u044c \u0438 \u0440\u0430\u0437\u043d\u043e\u043e\u0431\u0440\u0430\u0437\u0438\u0435 \u0440\u0430\u0437\u0432\u043b\u0435\u0447\u0435\u043d\u0438\u0439. \u041e\u043d\u043b\u0430\u0439\u043d-\u043f\u043b\u0430\u0442\u0444\u043e\u0440\u043c\u044b \u043f\u0440\u0435\u0434\u043b\u0430\u0433\u0430\u044e\u0442 \u0448\u0438\u0440\u043e\u043a\u0438\u0439 \u0432\u044b\u0431\u043e\u0440 \u0438\u0433\u0440\u043e\u0432\u044b\u0445 \u0430\u0432\u0442\u043e\u043c\u0430\u0442\u043e\u0432, \u043d\u0430\u0441\u0442\u043e\u043b\u044c\u043d\u044b\u0445 \u0438\u0433\u0440 \u0438 live-\u043a\u0430\u0437\u0438\u043d\u043e, \u0441\u043e\u0437\u0434\u0430\u0432\u0430\u044f \u0430\u0442\u043c\u043e\u0441\u0444\u0435\u0440\u0443 \u043d\u0430\u0441\u0442\u043e\u044f\u0449\u0435\u0433\u043e \u0438\u0433\u0440\u043e\u0432\u043e\u0433\u043e \u0437\u0430\u043b\u0430 \u043f\u0440\u044f\u043c\u043e \u0443 \u0432\u0430\u0441 \u0434\u043e\u043c\u0430. \u0411\u043b\u0430\u0433\u043e\u0434\u0430\u0440\u044f \u0441\u043e\u0432\u0440\u0435\u043c\u0435\u043d\u043d\u044b\u043c \u0442\u0435\u0445\u043d\u043e\u043b\u043e\u0433\u0438\u044f\u043c, \u0443\u0434\u043e\u0431\u043d\u044b\u043c \u043f\u043b\u0430\u0442\u0435\u0436\u043d\u044b\u043c \u043c\u0435\u0442\u043e\u0434\u0430\u043c &hellip;<\/p>\n","protected":false},"author":4,"featured_media":0,"parent":0,"menu_order":0,"comment_status":"closed","ping_status":"closed","template":"","meta":[],"_links":{"self":[{"href":"https:\/\/dm74.cz\/index.php?rest_route=\/wp\/v2\/pages\/119482"}],"collection":[{"href":"https:\/\/dm74.cz\/index.php?rest_route=\/wp\/v2\/pages"}],"about":[{"href":"https:\/\/dm74.cz\/index.php?rest_route=\/wp\/v2\/types\/page"}],"author":[{"embeddable":true,"href":"https:\/\/dm74.cz\/index.php?rest_route=\/wp\/v2\/users\/4"}],"replies":[{"embeddable":true,"href":"https:\/\/dm74.cz\/index.php?rest_route=%2Fwp%2Fv2%2Fcomments&post=119482"}],"version-history":[{"count":7,"href":"https:\/\/dm74.cz\/index.php?rest_route=\/wp\/v2\/pages\/119482\/revisions"}],"predecessor-version":[{"id":374760,"href":"https:\/\/dm74.cz\/index.php?rest_route=\/wp\/v2\/pages\/119482\/revisions\/374760"}],"wp:attachment":[{"href":"https:\/\/dm74.cz\/index.php?rest_route=%2Fwp%2Fv2%2Fmedia&parent=119482"}],"curies":[{"name":"wp","href":"https:\/\/api.w.org\/{rel}","templated":true}]}}